are the prime factors of i?
2, 11
Let k = -20536 + 30437. What are the prime factors of k?
9901
Suppose 0 = -r + 4*m - 187, -m - 1205 = 4*r - 389. Let b = -199 - r. What are the prime factors of b?
2
Let v(a) = a**2 + 3*a - 18. Let w(k) = -6*k**3 - k**2 - 1. Let o be w(-2). Let d = 30 - o. What are the prime factors of v(d)?
2, 7
Let h(x) = -68*x + 34. Let b(f) = f**2 + 17*f - 1. Let a be b(-17). List the prime factors of h(a).
2, 3, 17
Suppose -4*x = -33 + 17. Suppose -g - y = x*y + 11, -3*g - 3*y = -15. Suppose -g*p = -11*p + 140. List the prime factors of p.
2, 5, 7
Suppose -p = 4*m - 33714, -14691 - 19023 = -p + m. What are the prime factors of p?
2, 3, 1873
Suppose -5*d + 3*v = -34 - 42, 0 = 2*d + 3*v - 43. Suppose d*m - 2538 = 11*m. List the prime factors of m.
3, 47
Let j(z) = -15*z - 26. Let q be j(15). Let w = 405 + -7. Let i = w + q. List the prime factors of i.
3, 7
Let r(v) = -3*v**3 - 41*v**2 + 14*v - 81. List the prime factors of r(-27).
3, 1063
Let r = 311 + -517. List the prime factors of (309/r)/(-1*(-2)/(-724)).
3, 181
Let g(u) be the first derivative of -u**3/3 + 6*u**2 - 14*u + 13. Let o be g(10). Suppose 0 = -o*k + 5*k + 40. List the prime factors of k.
2, 5
Suppose 0 = 2555*i - 2535*i - 269500. List the prime factors of i.
5, 7, 11
Let c = 71273 - 21916. List the prime factors of c.
7, 11, 641
Let p be (12 - 7) + -4 + -1. Let v(a) = -5 + p*a + 8*a**2 - 4*a - 10 - 2. List the prime factors of v(-4).
127
Suppose 12 - 47 = f. Let q be 14/f + 56/(-10). What are the prime factors of q/(-2)*(505/15 - 0)?
101
Let h be (-1 - (-5 + 2))*(-25)/(-10). Suppose 249 = 5*b + 4*o - 1230, -b - h*o + 279 = 0. What are the prime factors of b?
13, 23
Let w be -51*((-2 - 6) + -1). Let u = -38 + w. List the prime factors of u.
421
Let h(w) = -16*w**2 - 12*w + 37. Let y(a) = -32*a**2 - 25*a + 75. Let j(x) = -13*h(x) + 6*y(x). What are the prime factors of j(4)?
3, 83
Let i = 29303 + 20557. List the prime factors of i.
2, 3, 5, 277
Let s be -11 + 11 + -1*3/(-1). Let k(c) = -3*c**2 + 3 + 5*c + 12*c**2 + c**s - 19. List the prime factors of k(-7).
47
Suppose 0 = 2*n - 2 - 4. Let d(t) = t - 6. Let x be d(n). Let j(y) = -18*y + 4. What are the prime factors of j(x)?
2, 29
Let q = -77 + 79. Suppose q = 6*h - 16. List the prime factors of 26/h*(1 - 4/(-8)).
13
Let g(t) = -t**3 - 9*t**2 - 19*t - 20. Suppose -i - 5*v = -1 - 8, 1 = i + 3*v. What are the prime factors of g(i)?
431
Suppose -4 = 10*x - 34. Suppose 40 = -4*b + 108. Let i = b + x. List the prime factors of i.
2, 5
Suppose -18*t = 2*o - 97506, 36*o + 97345 = 38*o - 5*t. List the prime factors of o.
2, 3, 5, 541
What are the prime factors of 361418/14 - ((-750)/70)/25?
2, 7, 461
Let l(s) = -s**2 + 2*s + 8. Suppose -4*c = -0*c - 16. Let z be l(c). What are the prime factors of 114 + z/(-5) + 3?
3, 13
Suppose 863 = 3*n - 181. Let b = -158 + n. List the prime factors of b.
2, 5, 19
Let b(a) = -887*a**3 + 5*a**2 + 10*a + 24. What are the prime factors of b(-4)?
2, 3, 37
Let w(y) = 117*y - 51. Let h be w(10). Suppose -4*d - a - 704 = -2181, 0 = -3*d - 3*a + h. What are the prime factors of d?
2, 23
Let b be (-3)/24 - (-15315)/(-40). List the prime factors of 2 - (b/1 - 4).
389
Let t be (1170/(-52))/((-17)/20 + 1). List the prime factors of t/(-9)*(-9 + 57).
2, 5
Let b = 48290 + -31597. What are the prime factors of b?
16693
Let z(g) = 2*g**3 + 121*g**2 + g + 22. List the prime factors of z(-16).
2, 5, 43, 53
Suppose 5*d = -c + 109566 + 273705, -2*d + 153330 = -5*c. List the prime factors of d.
5, 15331
Let m = 23384 + -15106. What are the prime factors of m?
2, 4139
Suppose 2*l = r + 5837, 3*l - 5*r = -8*r + 8724. List the prime factors of l.
5, 11, 53
Let i = 2104 + 701. Suppose 9*a - i = 201. What are the prime factors of a?
2, 167
Suppose -5*u = 4*w - 3*u - 72, -u + 93 = 5*w. Suppose w*m = 14*m + 405. List the prime factors of m.
3
Suppose -3*z - 4*h + 26 = -9*h, 0 = -5*z + h + 14. Let a(v) = 384*v - 11. List the prime factors of a(z).
757
Let c(d) = -951*d - 4940. What are the prime factors of c(-23)?
7, 41, 59
Let u = 16708 + -4316. What are the prime factors of u?
2, 1549
Suppose -4*d = -10*d + 30, -2*d - 13795 = -5*x. List the prime factors of x.
11, 251
Suppose 49 - 19 = 4*t - 2*p, 3*p = -5*t + 54. Let s = 4 + 50. Suppose -t*f = -8*f - s. List the prime factors of f.
2, 3
Let m(o) = o**2 - o + 3. Let t be m(0). Let y = -9688 + 10416. Suppose t*z + y = 4*s + 6*z, -z - 182 = -s. List the prime factors of s.
2, 7, 13
List the prime factors of (-3914 + (-108)/(-3))*(31 + -1)/(-3).
2, 5, 7, 277
Suppose 2185*k + 14904 = 2189*k. What are the prime factors of k?
2, 3, 23
Let q be 11/2 - (1 + 9/18). Suppose l - 730 = -q*l. List the prime factors of l.
2, 73
Let o be -207 + 1 - 16/(-12)*-3. Let h = o + 299. What are the prime factors of h?
89
Suppose -29*q = -5*q + 24*q - 1134432. List the prime factors of q.
2, 3, 13, 101
Suppose 10*w - 25581 = 5249. What are the prime factors of w?
3083
Suppose 722903 = o + 14*o - 69997. What are the prime factors of o?
2, 3, 5, 881
Let i = 341 + -342. List the prime factors of i/((-20)/(-8)) + (-9888)/(-20).
2, 13, 19
Let q = -119 - -399. Let t = q - 203. What are the prime factors of t?
7, 11
Let d = 265 - 256. Suppose d*l - 19*l = -3910. List the prime factors of l.
17, 23
Suppose -13*n = -15*n - 4*k + 58216, 29143 = n - 5*k. What are the prime factors of n?
2, 3, 23, 211
Let y(k) = -k**3 + 34*k**2 + 36*k + 171. List the prime factors of y(31).
2, 3, 5, 139
Let g(a) = 24*a**2 - 56*a + 772. What are the prime factors of g(39)?
2, 31, 283
Let v(w) = 7*w + 28. Suppose d + 9*d = 180. List the prime factors of v(d).
2, 7, 11
Suppose -3*t = 2*t. Suppose 2*c - 19 = 5*j, t*j - 2*j = 3*c - 19. Suppose 17 + 102 = c*k. List the prime factors of k.
17
Suppose 525 = -5*v - 100. Suppose -5*q + q - 356 = 0. Let i = q - v. List the prime factors of i.
2, 3
Let s = -119 + 122. Suppose 5*d - w - 3001 = 0, w - s*w - 2 = 0. What are the prime factors of d?
2, 3, 5
Let v be (20 - 21) + (-3)/((-6)/(-1150)). Let r = v - -1064. What are the prime factors of r?
2, 61
What are the prime factors of 88898/26 + ((-64)/78 - 74/(-111))?
13, 263
Suppose -29*f = -24*f - b - 4145, 2*f + 2*b = 1658. Suppose -5*g + 8131 = -f. What are the prime factors of g?
2, 7
Let s(q) = -q + 1 - 24*q**3 - 14*q**3 + q. Let m be ((-27)/12)/9*4. List the prime factors of s(m).
3, 13
Suppose 4*g + 331856 = 4*l, -80*l = -83*l - 3*g + 248934. List the prime factors of l.
3, 7, 439
Let z = -620 - -1303. Let o = z + -190. What are the prime factors of o?
17, 29
Let u(a) = a**3 - 37*a**2 + a + 81. Let y = 501 + -464. List the prime factors of u(y).
2, 59
Suppose -5*m + 0*m = -3*f - 43, -m + f + 9 = 0. Suppose -7*z + 12315 = m*z. List the prime factors of z.
821
Let d = -63 + 74. Suppose d*g - 1746 = -41. What are the prime factors of g?
5, 31
Suppose 0 = q - 2*g - 141 - 245, -3*q + g + 1168 = 0. Let v = q - 223. What are the prime factors of v?
167
Let x = -31 - -87. Suppose -48*n - 3896 = -x*n. What are the prime factors of n?
487
Let c = 16 + -28. Let n = c + -25. Let l = n + 90. What are the prime factors of l?
53
Suppose 31 - 1 = -3*z. Let i be (2 + z/3)/(12/(-54)). Let g(q) = 2*q**3 - 9*q**2 + 3*q - 18. What are the prime factors of g(i)?
2, 3
Let y be ((-50)/1)/(8/(-84) - 0). Suppose -240 = -5*v - 2*f + 1100, 2*v - y = -3*f. Let b = v + -77. What are the prime factors of b?
193
Suppose 2*q + 2*q + 2*v + 32 = 0, -3*q - 14 = -v. Let f = q + 50. Suppose w + 0*w - f = -2*i, -8 = -2*w. What are the prime factors of i?
2, 5
Let m(z) = z**3 - 26*z**2 - 26*z - 25. Let i be m(27). Suppose i*t = 6*t - 88. Let a = t - -98. List the prime factors of a.
2, 3, 5
Let m(f) = -f**3 + 37*f**2 + 115*f + 50. List the prime factors of m(38).
2, 3, 31
Let l(g) = -4*g - 17. Let j be l(-14). Let i = 9 - j. List the prime factors of i*7/(28/(-6)).
3, 5
Let u(f) = 263*f**2 + 2*f - 1. Let x(y) = 67*y - 13*y**2 - 10 + y**3 + 104*y - 148*y. Let k be x(11). List the prime factors of u(k).
2, 3, 11
Let p be 15/(-30) + (-481)/(-2). Let k = p - 145. Let m = k - 12. What are the prime factors of m?
83
Let k(o) = 19*o + 52. Let u be k(0). Let t = 289 - u. List the prime factors of t.
3, 79
Let u(c) = c**3 + 42*c**2 - 137*c + 106. What are the p